{"id":919,"date":"2018-08-22T09:01:00","date_gmt":"2018-08-22T02:01:00","guid":{"rendered":"http:\/\/atlantel.com.kh\/?post_type=product&#038;p=919"},"modified":"2019-08-29T10:11:21","modified_gmt":"2019-08-29T03:11:21","slug":"bo-phat-wifi-xuyen-tuong-4-angten-cf-wr618ac-1200mbps","status":"publish","type":"product","link":"https:\/\/atlantel.com.kh\/?product=bo-phat-wifi-xuyen-tuong-4-angten-cf-wr618ac-1200mbps","title":{"rendered":"Comfast CF &#8211; WR618AC AC1200M Wireless Smart Router"},"content":{"rendered":"<p>Comfast CF &#8211; WR618AC AC1200M Wireless Smart Router<\/p>\n<p><b>Main Features<\/b><br \/>\n\u25cf<b>Beautiful appearance design<\/b>, delicate matte shell<br \/>\n\u25cf<b>Dual-core processor ( MT7621A + MT7615D ) + power amplifier design ( 2.4G SE2576L )<\/b>\u00a0ensure that multiple terminal devices accession fast and smooth<br \/>\n\u25cf<b>4 x 6dBi high-gain omnidirectional antenna<\/b>\u00a0configuration, making wireless signal stronger and wider coverage<br \/>\n\u25cf<b>Array-type vents on the bottom of the fuselage, good heat dissipation performance<\/b>\u00a0ensure long-term stable operation of the router<br \/>\n\u25cf<b>QoS supports intelligent flow control, IP speed limit, intranet monitoring, intelligent optimization of bandwidth allocation, keeping games, video voices, and movies running normally<\/b><br \/>\n\u25cf Powerful\u00a0<b>AC management functions<\/b>\u00a0enable unified adjustment and configuration of AP devices, allowing users to flexibly expand and control the network<br \/>\n\u25cf The\u00a0<b>Gigabit Ethernet port with light indication<\/b>\u00a0is more obvious, adaptive network port, Gigabit transmission is faster<br \/>\n\u25cf<b>Intelligent user distribution on the Internet<\/b><\/p>\n<p><img decoding=\"async\" loading=\"lazy\" class=\"aligncenter size-full wp-image-920\" src=\"http:\/\/atlantel.com.kh\/wp-content\/uploads\/2018\/08\/CF-WR618AC-2.jpg\" alt=\"\" width=\"746\" height=\"447\" srcset=\"https:\/\/atlantel.com.kh\/wp-content\/uploads\/2018\/08\/CF-WR618AC-2.jpg 746w, https:\/\/atlantel.com.kh\/wp-content\/uploads\/2018\/08\/CF-WR618AC-2-300x180.jpg 300w\" sizes=\"(max-width: 746px) 100vw, 746px\" \/> <img decoding=\"async\" loading=\"lazy\" class=\"aligncenter size-full wp-image-923\" src=\"http:\/\/atlantel.com.kh\/wp-content\/uploads\/2018\/08\/CF-WR618SAC-3.jpg\" alt=\"\" width=\"720\" height=\"720\" srcset=\"https:\/\/atlantel.com.kh\/wp-content\/uploads\/2018\/08\/CF-WR618SAC-3.jpg 720w, https:\/\/atlantel.com.kh\/wp-content\/uploads\/2018\/08\/CF-WR618SAC-3-300x300.jpg 300w, https:\/\/atlantel.com.kh\/wp-content\/uploads\/2018\/08\/CF-WR618SAC-3-100x100.jpg 100w\" sizes=\"(max-width: 720px) 100vw, 720px\" \/><img decoding=\"async\" loading=\"lazy\" class=\"aligncenter size-full wp-image-921\" src=\"http:\/\/atlantel.com.kh\/wp-content\/uploads\/2018\/08\/CF-WR618AC-6.jpg\" alt=\"\" width=\"900\" height=\"1105\" srcset=\"https:\/\/atlantel.com.kh\/wp-content\/uploads\/2018\/08\/CF-WR618AC-6.jpg 900w, https:\/\/atlantel.com.kh\/wp-content\/uploads\/2018\/08\/CF-WR618AC-6-300x368.jpg 300w, https:\/\/atlantel.com.kh\/wp-content\/uploads\/2018\/08\/CF-WR618AC-6-768x943.jpg 768w\" sizes=\"(max-width: 900px) 100vw, 900px\" \/><\/p>\n","protected":false},"excerpt":{"rendered":"<ul class=\"\">\n<li class=\"\" data-spm-anchor-id=\"a2o4n.pdp.product_detail.i0.70277082ewE8MN\">CF-WR618AC l\u00e0 wifi router \u0111\u01b0\u1ee3c \u0111\u00e1nh gi\u00e1 t\u1ed1t trong n\u0103m 2018.<\/li>\n<li class=\"\">V\u1edbi Gigabit Dual Band v\u00e0 Gigabit Ethernet Port thi\u1ebft b\u1ecb c\u00f3 t\u1ed1c \u0111\u1ed9 truy\u1ec1n t\u1ea3i l\u00ean t\u1edbi 1200 Mbps.<\/li>\n<li class=\"\">\u0110\u01b0\u1ee3c trang b\u1ecb 4 angten c\u00f3 kh\u1ea3 n\u0103ng ph\u00e1t ra m\u1ecdi h\u01b0\u1edbng, gi\u00fap t\u0103ng t\u1ed1c truy\u1ec1n d\u1eef li\u1ec7u, m\u1edf r\u1ed9ng v\u00f9ng ph\u00e1t wifi v\u00e0 l\u00e0m cho t\u00edn hi\u1ec7u wifi m\u1ea1nh h\u01a1n.<\/li>\n<li class=\"\">Cung c\u1ea5p gi\u1ea3i ph\u00e1p marketing cho c\u00e1c shop. \u0110\u1ed1i v\u1edbi c\u00e1c shop c\u00f3 s\u1ed1 l\u01b0\u1ee3ng user s\u1eed d\u1ee5ng t\u1eeb 50 tr\u1edf l\u00ean, c\u00f3 th\u1ec3 s\u1eed d\u1ee5ng k\u1ebft h\u1ee3p th\u00eam v\u1edbi c\u00e1c AP kh\u00e1c \u0111\u1ec3 m\u1edf r\u1ed9ng v\u00f9ng ph\u1ee7 wifi.<\/li>\n<\/ul>\n","protected":false},"featured_media":924,"comment_status":"open","ping_status":"closed","template":"","meta":{"_mi_skip_tracking":false,"_exactmetrics_sitenote_active":false,"_exactmetrics_sitenote_note":"","_exactmetrics_sitenote_category":0},"_links":{"self":[{"href":"https:\/\/atlantel.com.kh\/index.php?rest_route=\/wp\/v2\/product\/919"}],"collection":[{"href":"https:\/\/atlantel.com.kh\/index.php?rest_route=\/wp\/v2\/product"}],"about":[{"href":"https:\/\/atlantel.com.kh\/index.php?rest_route=\/wp\/v2\/types\/product"}],"replies":[{"embeddable":true,"href":"https:\/\/atlantel.com.kh\/index.php?rest_route=%2Fwp%2Fv2%2Fcomments&post=919"}],"wp:featuredmedia":[{"embeddable":true,"href":"https:\/\/atlantel.com.kh\/index.php?rest_route=\/wp\/v2\/media\/924"}],"wp:attachment":[{"href":"https:\/\/atlantel.com.kh\/index.php?rest_route=%2Fwp%2Fv2%2Fmedia&parent=919"}],"curies":[{"name":"wp","href":"https:\/\/api.w.org\/{rel}","templated":true}]}}