{"id":132,"date":"2017-12-05T14:13:02","date_gmt":"2017-12-05T07:13:02","guid":{"rendered":"http:\/\/rennell.local\/?post_type=product&#038;p=132"},"modified":"2019-05-31T13:16:03","modified_gmt":"2019-05-31T06:16:03","slug":"cf-wr302s","status":"publish","type":"product","link":"https:\/\/atlantel.com.kh\/?product=cf-wr302s","title":{"rendered":"B\u1ed9 m\u1edf r\u1ed9ng, khu\u1ebfch \u0111\u1ea1i s\u00f3ng wifi repeater COMFAST CF-WR302S"},"content":{"rendered":"<p>\u0110\u1eb7c \u0111i\u1ec3m n\u1ed5i b\u1eadt:<\/p>\n<ul>\n<li><b>H\u1ed7 tr\u1ee3 t\u1ed1c \u0111\u1ed9 l\u00ean \u0111\u1ebfn 300Mbps \u1edf ch\u1ebf \u0111\u1ed9 repeater kh\u00f4ng d\u00e2y.<\/b><\/li>\n<li><b>Trang b\u1ecb 2 anten 5dbi, t\u0103ng kh\u1ea3 n\u0103ng ph\u00e1t t\u00edn hi\u1ec7u \u1edf kho\u1ea3ng c\u00e1ch xa.<\/b><\/li>\n<li><b>Trang b\u1ecb 2 chipset realtek: RTL8192E and RTK8192ER<\/b><\/li>\n<li><b>3 trong 1: b\u1ed9 ph\u00e1t wifi, repeater, router<\/b><\/li>\n<li><b>D\u1ec5 c\u00e0i \u0111\u1eb7t c\u1ea5u h\u00ecnh, d\u1ec5 l\u1eafp \u0111\u1eb7t v\u00e0 di chuy\u1ec3n<\/b><\/li>\n<li><b>H\u1ed7 tr\u1ee3 WPS<\/b><\/li>\n<li><b>T\u01b0\u01a1ng th\u00edch v\u1edbi t\u1ea5t c\u00e1c c\u00e1c thi\u1ebft b\u1ecb m\u1ea1ng v\u00e0 thi\u1ebft b\u1ecb k\u1ebft n\u1ed1i wifi tr\u00ean th\u1ecb tr\u01b0\u1eddng\u00a0<\/b>.<\/li>\n<\/ul>\n<p><b>Specification:\u00a0<\/b><\/p>\n<p>WiFi Band: 2.4 Ghz<br \/>\nAntenna: 2 x 5dBi Antenna<br \/>\nPlug type: US standard plug<br \/>\nPort: 1 Network Interface<br \/>\nWireless Standards: IEEE 802.11b\/g\/n<br \/>\nWi-Fi Transmission Speed: Up to 300Mbps<\/p>\n<p><b>Easy Installation:\u00a0<\/b><\/p>\n<p>1. Connect WiFi signal like &#8220;&#8221;comfast-xxx&#8221;&#8221; in WLAN setting<br \/>\n2. Open the browser and type the IP address: 192.168.10.1<br \/>\n3. Enter the default password &#8220;&#8221;admin&#8221;&#8221; and click the &#8220;&#8221;login&#8221;&#8221;<br \/>\n4. It will scan the wireless signal, and then please choose the signal you want to repeat<br \/>\n5. Enter the WiFi password of your wireless router<br \/>\n6. The repeater will be setting successfully within 30s. Then you can go to WLAN setting<\/p>\n<p><b>TIPS:\u00a0<\/b><\/p>\n<p>1. The wifi extender only extends the wifi coverage range, BUT please know that it couldn&#8217;t<br \/>\nboost the speed of your original router or hold the same speed of the original router.<br \/>\nIt means that it&#8217;s wifi speed may be weakened compare with your router.<\/p>\n<p>2. The distance that WiFi signal can extend, is depending on the distance among router, repeater and WiFi users.<br \/>\nSo controlling the distance between repeater and router, then you can control the distance that WiFi siganl can extend.<\/p>\n<p><b>Package Contents:\u00a0<\/b><br \/>\n<b>1x Wifi Repeater\u00a0<\/b><br \/>\n<b>1x Web Line\u00a0<\/b><br \/>\n<b>1x Quick Installation Guide<\/b><\/p>\n<p><img decoding=\"async\" loading=\"lazy\" class=\"aligncenter size-full wp-image-137\" src=\"http:\/\/rennell.local\/wp-content\/uploads\/2017\/12\/COMFAST-CF-WR302S-5.jpg\" alt=\"\" width=\"1000\" height=\"1000\" srcset=\"https:\/\/atlantel.com.kh\/wp-content\/uploads\/2017\/12\/COMFAST-CF-WR302S-5.jpg 1000w, https:\/\/atlantel.com.kh\/wp-content\/uploads\/2017\/12\/COMFAST-CF-WR302S-5-300x300.jpg 300w, https:\/\/atlantel.com.kh\/wp-content\/uploads\/2017\/12\/COMFAST-CF-WR302S-5-100x100.jpg 100w, https:\/\/atlantel.com.kh\/wp-content\/uploads\/2017\/12\/COMFAST-CF-WR302S-5-768x768.jpg 768w\" sizes=\"(max-width: 1000px) 100vw, 1000px\" \/> <img decoding=\"async\" loading=\"lazy\" class=\"aligncenter size-full wp-image-138\" src=\"http:\/\/rennell.local\/wp-content\/uploads\/2017\/12\/COMFAST-CF-WR302S-6.jpg\" alt=\"\" width=\"790\" height=\"994\" srcset=\"https:\/\/atlantel.com.kh\/wp-content\/uploads\/2017\/12\/COMFAST-CF-WR302S-6.jpg 790w, https:\/\/atlantel.com.kh\/wp-content\/uploads\/2017\/12\/COMFAST-CF-WR302S-6-300x377.jpg 300w, https:\/\/atlantel.com.kh\/wp-content\/uploads\/2017\/12\/COMFAST-CF-WR302S-6-768x966.jpg 768w\" sizes=\"(max-width: 790px) 100vw, 790px\" \/> <img decoding=\"async\" loading=\"lazy\" class=\"aligncenter size-full wp-image-139\" src=\"http:\/\/rennell.local\/wp-content\/uploads\/2017\/12\/COMFAST-CF-WR302S-7.jpg\" alt=\"\" width=\"790\" height=\"737\" srcset=\"https:\/\/atlantel.com.kh\/wp-content\/uploads\/2017\/12\/COMFAST-CF-WR302S-7.jpg 790w, https:\/\/atlantel.com.kh\/wp-content\/uploads\/2017\/12\/COMFAST-CF-WR302S-7-300x280.jpg 300w, https:\/\/atlantel.com.kh\/wp-content\/uploads\/2017\/12\/COMFAST-CF-WR302S-7-768x716.jpg 768w\" sizes=\"(max-width: 790px) 100vw, 790px\" \/> <img decoding=\"async\" loading=\"lazy\" class=\"aligncenter size-full wp-image-140\" src=\"http:\/\/rennell.local\/wp-content\/uploads\/2017\/12\/COMFAST-CF-WR302S-8.jpg\" alt=\"\" width=\"790\" height=\"1028\" srcset=\"https:\/\/atlantel.com.kh\/wp-content\/uploads\/2017\/12\/COMFAST-CF-WR302S-8.jpg 790w, https:\/\/atlantel.com.kh\/wp-content\/uploads\/2017\/12\/COMFAST-CF-WR302S-8-300x390.jpg 300w, https:\/\/atlantel.com.kh\/wp-content\/uploads\/2017\/12\/COMFAST-CF-WR302S-8-768x999.jpg 768w\" sizes=\"(max-width: 790px) 100vw, 790px\" \/> <img decoding=\"async\" loading=\"lazy\" class=\"aligncenter size-full wp-image-141\" src=\"http:\/\/rennell.local\/wp-content\/uploads\/2017\/12\/COMFAST-CF-WR302S-9.jpg\" alt=\"\" width=\"790\" height=\"699\" srcset=\"https:\/\/atlantel.com.kh\/wp-content\/uploads\/2017\/12\/COMFAST-CF-WR302S-9.jpg 790w, https:\/\/atlantel.com.kh\/wp-content\/uploads\/2017\/12\/COMFAST-CF-WR302S-9-300x265.jpg 300w, https:\/\/atlantel.com.kh\/wp-content\/uploads\/2017\/12\/COMFAST-CF-WR302S-9-768x680.jpg 768w\" sizes=\"(max-width: 790px) 100vw, 790px\" \/> <img decoding=\"async\" loading=\"lazy\" class=\"aligncenter size-full wp-image-142\" src=\"http:\/\/rennell.local\/wp-content\/uploads\/2017\/12\/COMFAST-CF-WR302S-10.jpg\" alt=\"\" width=\"790\" height=\"862\" srcset=\"https:\/\/atlantel.com.kh\/wp-content\/uploads\/2017\/12\/COMFAST-CF-WR302S-10.jpg 790w, https:\/\/atlantel.com.kh\/wp-content\/uploads\/2017\/12\/COMFAST-CF-WR302S-10-300x327.jpg 300w, https:\/\/atlantel.com.kh\/wp-content\/uploads\/2017\/12\/COMFAST-CF-WR302S-10-768x838.jpg 768w\" sizes=\"(max-width: 790px) 100vw, 790px\" \/> <img decoding=\"async\" loading=\"lazy\" class=\"aligncenter size-full wp-image-143\" src=\"http:\/\/rennell.local\/wp-content\/uploads\/2017\/12\/COMFAST-CF-WR302S-11.jpg\" alt=\"\" width=\"790\" height=\"977\" srcset=\"https:\/\/atlantel.com.kh\/wp-content\/uploads\/2017\/12\/COMFAST-CF-WR302S-11.jpg 790w, https:\/\/atlantel.com.kh\/wp-content\/uploads\/2017\/12\/COMFAST-CF-WR302S-11-300x371.jpg 300w, https:\/\/atlantel.com.kh\/wp-content\/uploads\/2017\/12\/COMFAST-CF-WR302S-11-768x950.jpg 768w\" sizes=\"(max-width: 790px) 100vw, 790px\" \/><\/p>","protected":false},"excerpt":{"rendered":"<ul class=\"a-unordered-list a-vertical a-spacing-none\">\n<li><span class=\"a-list-item\">Boost WiFi Coverage: The Wifi repeater with 360 degree WiFi signal covering can extend your existing Wi-Fi coverage to long distance and create a stronger signal in hard-to-reach areas. The signal distance will be reach 160\u33a1 without obstacles.<\/span><\/li>\n<li><span class=\"a-list-item\">3 in 1 function: Repeater\/Router\/AP Mode. Compatible with any wireless network, router and Wi-Fi enabled devices including Smartphone, iPhone, iPad, Tablet, Laptop, Desktop, Smart TV, TV BOX, etc.<\/span><\/li>\n<li><span class=\"a-list-item\">High performance: Dual high-gain 5dBi external antennas enhance wireless signals for stable data transmission. Reliable wireless network speed up to 300Mbps covering your bedroom, floors, restroom, garage, basement and garden.<\/span><\/li>\n<li><span class=\"a-list-item\">Built-in dual Realtek chipset ensure strong signal from the CPU. Strong signal can go through very well and penetrate walls. Easily expand wireless coverage, accessible from almost any device, including iOS and Android mobile platforms.<\/span><\/li>\n<li><span class=\"a-list-item\">Easy Installation: Convenient for the wall-plug design. Wall plug design making it easy to install and move. Ideal for home\/travel\/office usage. WPS button supports \u201cOne-Press\u201d connection and encryption<\/span><\/li>\n<\/ul>\n","protected":false},"featured_media":133,"comment_status":"open","ping_status":"closed","template":"","meta":{"_mi_skip_tracking":false,"_exactmetrics_sitenote_active":false,"_exactmetrics_sitenote_note":"","_exactmetrics_sitenote_category":0},"_links":{"self":[{"href":"https:\/\/atlantel.com.kh\/index.php?rest_route=\/wp\/v2\/product\/132"}],"collection":[{"href":"https:\/\/atlantel.com.kh\/index.php?rest_route=\/wp\/v2\/product"}],"about":[{"href":"https:\/\/atlantel.com.kh\/index.php?rest_route=\/wp\/v2\/types\/product"}],"replies":[{"embeddable":true,"href":"https:\/\/atlantel.com.kh\/index.php?rest_route=%2Fwp%2Fv2%2Fcomments&post=132"}],"wp:featuredmedia":[{"embeddable":true,"href":"https:\/\/atlantel.com.kh\/index.php?rest_route=\/wp\/v2\/media\/133"}],"wp:attachment":[{"href":"https:\/\/atlantel.com.kh\/index.php?rest_route=%2Fwp%2Fv2%2Fmedia&parent=132"}],"curies":[{"name":"wp","href":"https:\/\/api.w.org\/{rel}","templated":true}]}}